{"id":37,"date":"2026-03-27T18:06:18","date_gmt":"2026-03-27T18:06:18","guid":{"rendered":"https:\/\/hjulsporet.dk\/?page_id=37"},"modified":"2026-03-27T18:06:18","modified_gmt":"2026-03-27T18:06:18","slug":"fortael-sin-historie","status":"publish","type":"page","link":"http:\/\/hjulsporet.dk\/nyt\/?page_id=37","title":{"rendered":"Fort\u00e6l sin historie"},"content":{"rendered":"\n<p class=\"has-text-align-center\"><strong>Din egen dag er kort, men sl\u00e6gten lang;<\/strong><\/p>\n\n\n\n<p class=\"has-text-align-center\"><strong>L\u00e6g \u00f8ret ydmygt til dens rod forneden;<\/strong><\/p>\n\n\n\n<p class=\"has-text-align-center\"><strong>\u00c5rtusind toner op i gr\u00e5d og sang,<\/strong><\/p>\n\n\n\n<p class=\"has-text-align-center\"><strong>Medens toppen suser imod evigheden!<\/strong><\/p>\n\n\n\n<p class=\"has-text-align-center\">(Jeppe Aakj\u00e6r, 1916)<\/p>\n\n\n\n<p><strong>Opfordring i rette tid!<\/strong><\/p>\n\n\n\n<p>Ethvert menneske har en historie at fort\u00e6lle. Derfor skal dette v\u00e6re en opfordring til alle om at skrive ned, hvad de husker fra \u201dgamle dage\u201d.<\/p>\n\n\n\n<p>Skriv endelig l\u00f8s. Kun det skrevne bevares for eftersl\u00e6gten, ellers tager vi historien med os.<\/p>\n\n\n\n<p>Fort\u00e6l:<\/p>\n\n\n\n<ul class=\"wp-block-list\">\n<li>Dit fulde navn, f\u00f8dselsdag og \u00e5r, samt hvor du stammer fra.<\/li>\n\n\n\n<li>Hvem var dine for\u00e6ldre og hvad lavede de?<\/li>\n\n\n\n<li>Gik dine for\u00e6ldre i tysk skole, og hvad har du h\u00f8rt om det?<\/li>\n\n\n\n<li>Dine s\u00f8skende \u2013 navne og f\u00f8dselsdage \u2013 evt. sl\u00e6gtsregister for den \u00f8vrige familie<\/li>\n\n\n\n<li>Hvor og hvorn\u00e5r kom du i skole? Fort\u00e6l om din skolegang.<\/li>\n\n\n\n<li>Hvem var dine skolekammerater og hvem legede du med?<\/li>\n\n\n\n<li>Hvilke lege husker du?<\/li>\n\n\n\n<li>Hvad spiste I til morgenmand, middag og aftensmad?<\/li>\n\n\n\n<li>\u00c5rets h\u00f8jdepunkter og s\u00e6soner for f.eks. for\u00e5r, sommer, efter\u00e5r og vinter.<\/li>\n\n\n\n<li>Husker du specielle beboere, familiemedlemmer eller evt. s\u00e6rlinge ?<\/li>\n\n\n\n<li>Skriv om din konfirmation \u2013 tid og sted \u2013 blev der holdt stor fest?<\/li>\n\n\n\n<li>Hvad lavede du som ung? Var du ved landbruget \/i huset eller i l\u00e6re s\u00e5 fort\u00e6l om l\u00e6retiden, l\u00e6ngere skolegang, efterskole, h\u00f8jskole, udlandsophold osv.<\/li>\n\n\n\n<li>Hvorn\u00e5r blev du gift og med hvem ?<\/li>\n\n\n\n<li>Hvor har du boet som voksen?<\/li>\n\n\n\n<li>Hvilket t\u00f8j gik du i\u00a0(spinlonkjoler og terylene bukser)?<\/li>\n\n\n\n<li>Fort\u00e6l om dit eget og evt. din mands\/kones arbejde.<\/li>\n\n\n\n<li>Evt. b\u00f8rn i \u00e6gteskabet eller i etableret parforhold?<\/li>\n\n\n\n<li>Fort\u00e6l om specielle oplevelser \u2013 st\u00f8rre eller mindre h\u00e6ndelser.<\/li>\n\n\n\n<li>Vanskelige tider. 30\u00e8rne, 40\u00e8rne eller senere krisetider.<\/li>\n\n\n\n<li>Hvordan husker du\u00a02. Verdenskrig? Kender du nogle frihedsk\u00e6mpere?<\/li>\n\n\n\n<li>Har du v\u00e6ret med i foreningsarbejde?<\/li>\n\n\n\n<li>Hvad har naturen betydet for dig?<\/li>\n\n\n\n<li>Hvad har kulturen betydet for dig?<\/li>\n\n\n\n<li>Hvad har andre mennesker betydet for dig?<\/li>\n\n\n\n<li>Har du haft et virksomt liv, p\u00e5 trods af sygdomme eller andet?<\/li>\n\n\n\n<li>Har du fortrudt noget gjort eller ugjort ?<\/li>\n\n\n\n<li>Hvad ville du gerne leve om?<\/li>\n\n\n\n<li>Har du et budskab til eftersl\u00e6gten?<\/li>\n<\/ul>\n\n\n\n<p>Det er bare om at komme i gang. S\u00e5 g\u00e5r det helt af sig selv. B\u00e5de b\u00f8rn, b\u00f8rneb\u00f8rn og eftersl\u00e6gten i \u00f8vrigt vil v\u00e6re glade og taknemmelige for det skrevne.<\/p>\n\n\n\n<p><strong>Historisk Arkiv<\/strong>&nbsp;vil med gl\u00e6de modtage et kopi, enten til offentligg\u00f8relse eller som b\u00e5ndlagt beretning i et aftalt antal \u00e5r.<\/p>\n\n\n\n<p><strong>Det er pudsigt at t\u00e6nke sig, at n\u00e5r man er g\u00e5et et skridt, er det blevet til historie (Storm P.)<\/strong><\/p>\n","protected":false},"excerpt":{"rendered":"<p>Din egen dag er kort, men sl\u00e6gten lang; L\u00e6g \u00f8ret ydmygt til dens rod forneden; \u00c5rtusind toner op i gr\u00e5d og sang, Medens toppen suser imod evigheden! (Jeppe Aakj\u00e6r, 1916) Opfordring i rette tid! Ethvert menneske har en historie at <span class=\"excerpt-dots\">&hellip;<\/span> <a class=\"more-link\" href=\"http:\/\/hjulsporet.dk\/nyt\/?page_id=37\"><span class=\"more-msg\">L\u00e6s resten &rarr;<\/span><\/a><\/p>\n","protected":false},"author":1,"featured_media":0,"parent":0,"menu_order":0,"comment_status":"closed","ping_status":"closed","template":"","meta":{"footnotes":""},"class_list":["post-37","page","type-page","status-publish","hentry"],"_links":{"self":[{"href":"http:\/\/hjulsporet.dk\/nyt\/index.php?rest_route=\/wp\/v2\/pages\/37","targetHints":{"allow":["GET"]}}],"collection":[{"href":"http:\/\/hjulsporet.dk\/nyt\/index.php?rest_route=\/wp\/v2\/pages"}],"about":[{"href":"http:\/\/hjulsporet.dk\/nyt\/index.php?rest_route=\/wp\/v2\/types\/page"}],"author":[{"embeddable":true,"href":"http:\/\/hjulsporet.dk\/nyt\/index.php?rest_route=\/wp\/v2\/users\/1"}],"replies":[{"embeddable":true,"href":"http:\/\/hjulsporet.dk\/nyt\/index.php?rest_route=%2Fwp%2Fv2%2Fcomments&post=37"}],"version-history":[{"count":0,"href":"http:\/\/hjulsporet.dk\/nyt\/index.php?rest_route=\/wp\/v2\/pages\/37\/revisions"}],"wp:attachment":[{"href":"http:\/\/hjulsporet.dk\/nyt\/index.php?rest_route=%2Fwp%2Fv2%2Fmedia&parent=37"}],"curies":[{"name":"wp","href":"https:\/\/api.w.org\/{rel}","templated":true}]}}